 of (-9 + 17 - 9) + 9?
8
Calculate -2 + -4 + 1 + 8.
3
Evaluate (27 - (-11 - -22)) + -8.
8
Evaluate 1 - ((-6 - 2) + 5) - 3.
1
What is the value of -6 - (-6 + -5 + (0 - -5))?
0
Calculate (71 - 64) + (-1 + -5 - -2).
3
59 + -75 + (0 - -9)
-7
-2 - (0 - 0 - (0 + 1))
-1
What is the value of 0 - (-8 + (5 - 1))?
4
Evaluate -14 - 4 - (9 + -2 + -15).
-10
What is the value of -10 + (-2 - (5 + -11))?
-6
4 + 1 + 5 + 12 + -19
3
Evaluate (9 + 3 - 4) + -14 + 7.
1
What is the value of 2 + -1 - (10 + -8 + -1)?
0
(7 - 0 - 1) + (-94 - -84)
-4
What is (2 + -3 - -3) + (12 - 14)?
0
Calculate 10 + -9 + (-1 - -4).
4
Calculate 2 + (-1 - (-2 + 2)).
1
What is (10 - 1) + -5 - (3 - -1)?
0
What is 2 + -2 - (0 - -4 - 0)?
-4
What is (1 - 2) + (-3 - -3) - -4?
3
3 + 1 + -3 + -2
-1
7 - (28 + -27 - (0 + -1))
5
What is 49 + -51 + 1 + 0?
-1
Evaluate 5 - (5 - (-1 - -4)).
3
Evaluate -4 + (2 - 1) + -82 + 84.
-1
Calculate 1 - (-3 - -1) - (-8 - -9).
2
Calculate -6 + (-5 - -5) + 2 + 2.
-2
What is -2 + 1 - (-7 + 4)?
2
Calculate 0 - (-19 + 1 + 13).
5
What is 0 - (-3 - 1) - 3?
1
Calculate -10 - ((4 - 5) + -5).
-4
Calculate 5 + -3 + -2 + -4.
-4
Evaluate 5 + (-7 - 4) + 3.
-3
What is 3 - (4 - ((3 - -2) + 0))?
4
What is 1 + -1 + 4 + (5 - 6)?
3
Evaluate -3 + 4 - (3 + 3 - 6).
1
-5 + 2 + 11 + -4 + -2
2
What is -3 + (10 + -15 - -8)?
0
What is -12 + ((-8 - -8) + 8 - 2)?
-6
Calculate -3 + -10 + -3 + (-4 - -13).
-7
Evaluate -4 + (2 - -3) - 5 - -8.
4
Evaluate (1 - -3) + (-14 - -9) - -4.
3
Evaluate -6 + 8 + (-2 - (-2 + 0)).
2
2 + -10 + 18 - 9
1
What is -1 + (-1 + 6 - -2)?
6
-9 + 14 + -15 + (4 - 0)
-6
What is the value of -4 - (9 - 5 - 0 - 1)?
-7
14 - -1 - (-45 + 55)
5
What is (-4 - -5) + (-3 - -2)?
0
What is the value of 5 + -1 + -16 + 18 + 0?
6
What is the value of 4 + -1 + 5 + -5?
3
Evaluate 1 - (-2 - 2) - (-79 - -77).
7
-2 + 2 + -7 + 8
1
Calculate (-1 - -6) + 9 + -8.
6
What is 4 + (6 - (-5 + 10))?
5
Calculate -6 - -4 - -9 - 4.
3
-1 - 4 - (-3 + 4) - -14
8
0 - 1 - (24 + -31)
6
Calculate 1 - 4 - -5 - 3.
-1
-1 + (3 - 2 - -9) - 4
5
0 + -4 + 8 + -2 + -4
-2
What is the value of (-40 - -41) + 7 + (2 - 3)?
7
Calculate 2 - (-14 + 20 - (-2 + 1)).
-5
What is the value of 3 - (9 + -4 - 3)?
1
Calculate (-3 - -2) + -4 - -15.
10
What is -7 - (-8 + -6 + 2)?
5
What is (1 - -1) + -1 + (-5 - -2)?
-2
4 + -3 + -2 - -4
3
What is the value of 2 + -8 - -7 - 1?
0
What is 6 + (1 + -2 - 7)?
-2
Evaluate 0 + 6 + -1 - (-8 - -11).
2
Evaluate (6 - 3) + (-2 - 2).
-1
Calculate -3 - (1 + 0 - 1 - 8).
5
Evaluate 5 + -8 + 1 - (1 + 0).
-3
What is 9 + (7 + (-6 - -1) - 5)?
6
Calculate (-3 - (1 + 0)) + 4 + -3.
-3
What is 2 + -22 + 23 + 1 + 0?
4
What is 11 - (6 - -3) - (1 + -1)?
2
What is 0 - 2 - 4 - (5 + -4)?
-7
What is -2 + (-1 - -2) + 4 + 2?
5
Calculate -2 + -11 + 6 - (-3 - 1).
-3
Calculate -6 + (-2 - 0) + -12 + 13.
-7
-3 + -9 + (3 - (-6 + 3))
-6
What is the value of -17 + 10 + -1 + (1 - 1)?
-8
-3 - (-5 + 1 + 1)
0
What is -3 + 1 + (5 - 4)?
-1
What is (5 - -1) + 12 + -27 - -4?
-5
Calculate -8 - -8 - (2 + -2).
0
What is (30 - 34) + (1 - -6)?
3
Calculate -37 + 35 - (0 + -4).
2
What is the value of (2 - (-22 + 3)) + -12?
9
Calculate (7 - 1) + (-24 - -20) - -2.
4
What is the value of (6 - (1 - 4 - -5)) + 0?
4
10 + -2 + 1 + -5
4
Evaluate 0 + -3 - ((18 - 28) + 16).
-9
3 + (6 - -1) + -8
2
Evaluate -4 - (-8 - (-2 - -1 - 4)).
-1
What is the value of 2 + -4 + (2 - 3) + 4?
1
Evaluate -4 - (-2 - 0) - -3 - 1.
0
What is the value of -4 - 1 - (-15 + 4)?
6
What is the value of 1 - 6 - -1 - -1?
-3
Evaluate -2 - ((-5 - -6) + 2).
-5
Calculate 15 + -4 + (-5 - (0 - 0)).
6
Evaluate -2 + -3 + 3 + 5.
3
(-100 - -93) + -1 + 11
3
(-12 - -3) + 6 + 1 + -5
-7
Calculate -2 - 3 - (-2 + -7).
4
Calculate (-1 + (3 - 4) - 0) + -1.
-3
What is 5 - 5 - (1 - (-3 - -7))?
3
Evaluate 4 + 1 + -1 + 4 + -7.
1
What is 4 + 3 - (19 - 10)?
-2
(15 - 4) + -7 + -12 + 3
-5
Evaluate (1 - (2 + -1)) + 4.
4
What is 9 - -1 - (6 + 7)?
-3
(-17 - -9) + 6 + -5
-7
Calculate -3 + (1 - -2) + -2 - 3.
-5
Calculate 3 - (3 + (10 + -6 - 3)).
-1
Calculate (-20 - -26) + (5 + -2 - 2).
7
-1 - (3 - (-2 + 2)) - -4
0
Calculate 1 + (0 - -2) + 0.
3
Calculate 4 - (-8 - -4) - 2.
6
-4 + 3 + (2 - 0) - -1
2
What is the value of 3 + (-2 - 6) + (2 - -2)?
-1
(-36 - -40) + (0 - (2 + 0))
2
Calculate 3 + 105 + -93 + (-7 - -1).
9
What is -2 + -1 + 4 + 2 + -9?
-6
What is the value of 7 + 1 + -18 + 15 - 4?
1
Calculate (6 - (3 - 12)) + -14.
1
What is -2 + -3 + (6 - -2)?
3
What is -2 - ((0 - -1) + 8 + -8)?
-3
What is -2 - (-25 - -6 - -10)?
7
What is 1 - 0 - 0 - (10 - 9)?
0
What is -5 - (-2 - 1 - 1)?
-1
Evaluate 4 + -21 + (8 - 5) + 5.
-9
Calculate -9 + 1 + (39 - 31).
0
What is the value of -3 + 0 + -6 + 1?
-8
What is the value of (-1 - (-1 + 2)) + 7?
5
2 + (4 - (5 - (-3 - -3)))
1
What is the value of -18 - (-2 + -11 + 2)?
-7
What is (3 - (5 + -4) - -1) + -5?
-2
Calculate -3 - -3 - (3 - 3) - 1.
-1
Calculate 8 - (6 + -4) - 11.
-5
4 + -4 + 2 + -6 + 1
-3
What is (5 - 18) + 1 + (0 - -4)?
-8
What is (2 - 3) + 5 - (30 - 28)?
2
-1 - (3 - (2 - -3))
1
What is 2 + 2 + (-3 - (0 + 1))?
0
Evaluate (10 - 18) + 5 - -2.
-1
Evaluate (-5 - -9) + -5 - -3.
2
What is -5 + 5 + (-12 - (6 - 11))?
-7
Evaluate 1 + 3 + (-9 - -8) - -2.
5
Evaluate 4 + 1 - ((1 - -4) + 3).
-3
What is the value of (-1 - 4) + 32 + -27?
0
What is the value of 5 - 1 - (-34 - -40)?
-2
Calculate -8 - -8 - (-3 + 3).
0
What is the value of -33 + 40 - (2 + 4)?
1
Evaluate 89 + -86 - (1 + 9).
-7
-6 + 12 + -1 + -7
-2
4 + -3 + 6 + -1 + -10
-4
Calculate 1 + -6 + -4 + 5 + 1.
-3
What is (6 - 2) + 3 + -2 - 0?
5
Evaluate 0 + 2 - (18 + -13).
-3
What is 7 - (5 - (-8 + 8))?
2
Evaluate -6 - (-3 + 0) - (-2 + -1).
0
What is -14 + 23 - (5 + 0)?
4
-2 - (-4 + 0 + -1 + 0)
3
Evaluate (-13 - -10 - (2 + -3)) + 5.
3
Calculate -4 - (1 - (5 - -1)).
1
Calculate -10 - (4 + 1 + 0 - 12).
-3
Calculate -19 + (6 - -11) - (0 + 1).
-3
Evaluate -31 - -27 - (-1 + -2 - 1).
0
What is (-7 - -8) + -7 + 0?
-6
-3 + (11 - 20) - -7
-5
What is the value of -2 - ((5 - (-1 + 6)) + 0)?
-2
-42 + 39 + (-1 - 0 - -3)
-1
Calculate -2 + (-9 - (-7 - 6)).
2
What is the value of 4 + 1 + (18 - 24) + -2?
-3
Calculate 6 - (10 + (-10 - -13)).
-7
(-10 - -7) + 15 + (-3 - 2)
7
What is the value of 0 - (-4 - (-14 + 6))?
-4
-1 + (3 - (-4 - (1 + -6)))
1
Evaluate 1 + 4 + -5 + 2 + 2.
4
-5 - (2 + -5 + (2 - 9))
5
Calculate 2 - (4 - 3) - (-41 - -37).
5
What is the value of (0 - -1) + 15 + -14 + -1?
1
What is 0 + 5 + 0 - 9?
-4
-2 + 4 - 2 - (-1 + 6)
-5
What is (14 - 32) + (9 - -3)?
-6
Calculate -13 - (-19 - -8) - -9.
7
What is 0 - (-6 - (3 - (-3 - -6)))?
6
Evaluate 1 - ((-10 - -11) + 1 + 2).
-3
-2 + (1 - (-6 + 3) - 6)
-4
What is the value of 4 + -3 + 0 + 1?
2
What is the value of 5 + -2 + 1 + -21 + 22?
5
What is the value of -17 + 2 + 4 + 9?
-2
What is 0 + (0 + 0 - (-1 - 1))?
2
Calculate -3 + -2 - ((2 - 5) + -4).
2
(3 - 0) + (0 - 5)
-2
What is the value of 12 + -25 + -2 + 9?
-6
Evaluate -6 + (-1 - (-2 + -3)).
-2
What is 17 + -8 + -2 + -1 + 0?
6
What is the value of 0 + (-6 - -5 - 1)?
-2
What is 0 + (-7 - (6 + -18))?
5
Calculate 4 + 3 + -2 + (1 - 13).
-7
Evaluate 4 - -6 - 8 - (-2 - -6).
-2
Evaluate (-11 + 15 - 0) + 3.
7
What is the value of -13 - (-3 + -2) - -4?
-4
Evaluate 8 - (-7 + 14 + -4) - 9.
-4
Evaluate -6 - (-12 - -2) - (0 - 3).
7
What is 0 + (-6 - -4) + -2?
-4
What is -3 - 1 - (-27 + 20)?
3
4 + 3 + -4 + -6
-3
(-3 - (-7 + 5)) + (4 - 0)
3
-9 + 2 + 8 - (3 + -2)
0
What is the value of 6 + -1 + -2 + 13 + -12?
4
What is the value of 2 + 3 + 2 + (-7 - -8)?
8
What is 9 + 1 + -8 - 5?
-3
0 - -3 - (-6 + (8 - -5))
-4
Calculate 5 + -10 + 1 + (15 - 5).
6
What is -1 + 1 + 0 - -4 - 5?
-1
Calculate -32 + 33 - (2 + 0 + 1).
-2
What is the value of (2 - 12 - (-20 - -13)) + 2?
-1
Calculate 1 + (1 + -3 - 2) - -6.
3
What is the value of -1 + -10 - -12 - 1?
0
What is the value of (2 - 5) + (8 - 4) + 5?
6
4 + -6 + (2 - 1)
-1
What is the value of 3 + -1 + -6 - -7?
3
Calculate 4 + -5 + (-6 - -4).
-3
What is the value of 0 + 0 + (-13 - (-21 + 7))?
1
Calculate 6 - 16 - -5 - (-1 - 1).
-3
What is the value of -3 + (2 - -5) + (-1 - 6)?
-3
Calculate (-7 - (-4 - 6)) + -4.
-1
Calculate (-2 - (0 - 0)) + 2 + -5.
-5
What is the value of -4 + -4 - (1 - (-4 - -10))?
-3
What is the value of (1 - (1 - -3) - 0) + 8?
5
-9 + (0 - -3) + 11
5
What is the value of 5 + 0 - 2 - (1 + 2)?
0
What is the val